 = l**3 - 94*l**2 - 536*l - 208. Give g(-5).
-3
Let x(t) = -8*t**3 - 1030*t**2 + 265*t + 906. Give x(-129).
3
Let a(v) = -25*v**2 + 2554*v - 65252. What is a(51)?
-23
Let s(i) = -3435*i + 37382. Calculate s(11).
-403
Let n(t) = t**3 - 36*t**2 + 321*t - 189. What is n(14)?
-7
Let g(r) = 595*r**2 + 2393*r + 62. Determine g(-4).
10
Let q(k) = -1881*k + 1845. Determine q(1).
-36
Let k(g) = 2*g**2 - 3138*g - 172085. What is k(-53)?
-153
Let j(u) = u**3 - 537*u**2 - 2704*u. Determine j(-5).
-30
Let y(s) = s**3 + 395*s**2 + 840*s + 21220. Calculate y(-393).
-2
Let j(g) = -54*g**2 + 200*g + 21108. What is j(-18)?
12
Let t(m) = 2014*m + 142311. Determine t(-71).
-683
Let o(h) = -h**3 + 156*h**2 + 4*h - 456. Give o(156).
168
Let j(g) = 662*g - 175528. Calculate j(265).
-98
Let p(h) = h**3 - 779*h**2 - 1124*h + 268326. Calculate p(780).
6
Let x(o) = 4*o**2 - 96631*o - 1837439. What is x(-19)?
-6
Let u(z) = -3*z**3 + 701*z**2 - 475*z + 2084. Calculate u(233).
-13
Let v(g) = 1084*g - 28804. Give v(25).
-1704
Let a(d) = 2*d**2 + 1277*d + 186813. Determine a(-227).
-8
Let u(y) = 1538482*y - 7692398. What is u(5)?
12
Let q(f) = 48*f**2 - 17*f + 49. Give q(3).
430
Let o(c) = -4053*c - 437255. Give o(-108).
469
Let w(k) = 7*k**3 - 251*k**2 + 985*k - 6. What is w(4)?
366
Let j(z) = -2*z**3 + 13495*z**2 + 54032*z + 79. Give j(-4).
-1
Let b(k) = -6*k**2 + 248*k + 2931. What is b(51)?
-27
Let s(c) = -c**3 + 256*c**2 + 8268*c - 841. What is s(285)?
14
Let b(g) = 3481*g + 111389. Determine b(-32).
-3
Let h(v) = -v**3 - 68*v**2 + 2857*v + 190441. Determine h(-70).
251
Let v(a) = -a**3 + 43*a**2 + 203*a - 7206. What is v(43)?
1523
Let u(n) = n**2 - 41129*n + 246733. Give u(6).
-5
Let y(r) = -r**3 - 25*r**2 - 159*r - 40. Determine y(-12).
-4
Let r(g) = -70869*g + 3118227. What is r(44)?
-9
Let h(i) = -619*i**2 + 88515*i + 327. Determine h(143).
41
Let h(a) = a**2 + 1068*a - 329608. Determine h(250).
-108
Let b(h) = 5041*h + 1189613. Determine b(-236).
-63
Let x(z) = 3023*z**3 - 25*z**2 + 22*z + 2. Calculate x(1).
3022
Let p(x) = 3*x**2 - 192*x + 85. Give p(67).
688
Let p(r) = 8*r**2 + 1122*r - 18. Give p(-140).
-298
Let w(i) = i**3 + 75*i**2 - 26*i - 2194. Give w(-75).
-244
Let d(f) = 2618*f + 701642. What is d(-268)?
18
Let p(t) = t**2 + 752*t + 111096. What is p(-202)?
-4
Let x(y) = -124*y**2 + 3839*y + 109. Determine x(31).
-46
Let w(q) = 79447*q + 3. Determine w(0).
3
Let q(m) = 18892*m + 94459. What is q(-5)?
-1
Let k(l) = -19*l**3 - 254*l**2 + 482*l + 225. What is k(-15)?
-30
Let s(g) = -83677*g + 2844959. Calculate s(34).
-59
Let s(j) = j**3 - 509*j**2 + 8364*j + 19. Determine s(17).
19
Let x(u) = 2*u**3 - 105*u**2 + 325*u - 19. Give x(49).
-901
Let q(t) = -8202*t**2 - 24601*t + 23. Calculate q(-3).
8
Let b(f) = -f**3 - 139*f**2 - 409*f - 111. Determine b(-136).
25
Let j(l) = l**3 - 585*l**2 + 440*l + 84105. What is j(584)?
9
Let m(a) = -a**3 + 5*a**2 - 27*a + 332. What is m(7)?
45
Let x(r) = -122476*r - 489950. Determine x(-4).
-46
Let o(m) = 43*m**2 + 2447*m + 8907. Determine o(-53).
3
Let f(c) = 381*c - 72931. Calculate f(199).
2888
Let q(f) = 4647*f + 14879. Give q(-3).
938
Let y(v) = 75*v**2 + 2734*v + 1219. Calculate y(-36).
-5
Let o(i) = i**2 + 7*i - 80227. Give o(280).
133
Let l(i) = -43772*i + 393925. Determine l(9).
-23
Let g(j) = 9824*j + 127708. What is g(-13)?
-4
Let u(p) = 91830*p - 17723204. Give u(193).
-14
Let g(v) = 394*v**3 - 8270*v**2 - 103*v + 378. What is g(21)?
-21
Let f(h) = -3*h**2 - 1620*h + 17899. What is f(11)?
-284
Let d(t) = 2*t**3 + 281*t**2 + 429*t + 414. Calculate d(-139).
-1254
Let g(v) = -8*v**2 - 11721*v - 11722. What is g(-1)?
-9
Let f(a) = 1349*a**2 + 18893*a + 98. Give f(-14).
0
Let j(k) = 44*k**2 - 26*k + 2. Determine j(1).
20
Let d(y) = -111*y - 17534. Give d(-152).
-662
Let c(r) = -28*r**2 - 604*r - 331. Calculate c(-21).
5
Let l(z) = 48*z**3 - 536*z**2 + 31*z - 43. Calculate l(11).
-670
Let h(c) = -2*c**3 + 5*c**2 + 39*c + 1651. Give h(11).
23
Let r(u) = -48100*u - 96200. What is r(-2)?
0
Let g(r) = 3*r**2 - 147*r - 1610. Give g(52).
-1142
Let c(y) = -14*y**2 - 3082*y - 84308. What is c(-32)?
-20
Let j(z) = -2*z**3 + 144*z**2 - 1282*z - 692. Give j(11).
-32
Let d(u) = -u**2 - 3196*u + 661246. Give d(195).
1
Let v(d) = -d**3 + 189*d**2 - 8921*d + 148. Give v(91).
-125
Let j(y) = -180*y + 7435. Determine j(41).
55
Let b(r) = 14*r - 244. Determine b(0).
-244
Let j(u) = 6*u**2 - 1497*u + 82703. Calculate j(167).
38
Let k(s) = -s**3 - 19*s**2 + 147*s + 48. What is k(6)?
30
Let c(t) = -t**3 + 122*t**2 - 63*t - 5828. Give c(121).
1190
Let p(d) = 9642*d + 356871. What is p(-37)?
117
Let q(m) = -m**3 - 43*m**2 + 1125*m - 25916. What is q(-66)?
22
Let j(q) = -2*q**3 - 86*q**2 + 19*q + 809. What is j(-43)?
-8
Let p(m) = 875*m + 54354. Give p(-62).
104
Let i(m) = 278059*m + 20854443. Give i(-75).
18
Let h(l) = l**3 - 49*l**2 + 62*l - 624. What is h(48)?
48
Let t(o) = -5*o**2 + 2812*o - 17790. Give t(556).
2
Let g(f) = -f**3 + 538*f**2 - 300*f - 127202. Determine g(537).
67
Let y(z) = -322*z - 90839. What is y(-282)?
-35
Let n(i) = 831*i**2 - 5137*i + 874. Determine n(6).
-32
Let g(o) = o**3 - 21*o**2 + 172*o - 2491. Calculate g(19).
55
Let c(v) = 6*v**2 + 2238*v - 22988. Determine c(10).
-8
Let o(p) = 1094*p - 366432. Calculate o(335).
58
Let i(b) = 854*b**3 - 5*b**2 + 1158*b - 2311. Determine i(2).
6817
Let y(o) = 2*o**3 + 45*o**2 + 230*o - 10. What is y(-15)?
-85
Let l(d) = -3144*d - 5961. Give l(-2).
327
Let k(d) = -4*d**3 + 13*d**2 + 448*d - 2399. Give k(7).
2
Let b(p) = 110560*p - 552408. Determine b(5).
392
Let l(x) = 1378*x**2 - 4124*x - 17. Determine l(3).
13
Let u(c) = -c**2 - 155*c + 8098. Calculate u(41).
62
Let x(c) = c**2 + 740*c - 241305. What is x(245)?
20
Let r(w) = 3*w**3 - 241*w**2 - 1016*w + 7733. Calculate r(84).
5
Let f(g) = -4*g**2 + 50*g + 878. Give f(23).
-88
Let z(u) = -73*u**2 + 16776*u + 3962. What is z(230)?
742
Let d(u) = 6471*u**2 - 25921*u + 142. Give d(4).
-6
Let b(s) = -s**3 - 50*s**2 + 23*s - 630. Give b(-51).
798
Let s(f) = -f**3 + 27*f**2 + 415*f + 11743. Determine s(43).
4
Let y(v) = -142997*v - 5862882. Calculate y(-41).
-5
Let x(v) = -3390*v - 27118. Determine x(-8).
2
Let l(t) = 48002*t + 528023. What is l(-11)?
1
Let r(h) = -3*h**2 + 260*h + 430. Give r(88).
78
Let g(n) = -n**3 - 1610*n**2 + 7993*n + 397. What is g(5)?
-13
Let s(r) = -r**2 + 3399*r + 130578. Calculate s(-38).
-28
Let k(a) = -10*a**2 - 2147*a + 23645. What is k(11)?
-1182
Let y(o) = 2*o**3 + 156*o**2 + o + 421. Determine y(-78).
343
Let n(h) = -142237*h + 142215. Give n(1).
-22
Let f(g) = 5*g**3 + 16*g**2 - 8*g - 2. Calculate f(-6).
-458
Let j(s) = -s**2 - 36266*s + 72528. What is j(2)?
-8
Let y(l) = 4170*l - 2233. Determine y(1).
1937
Let s(d) = d**3 - 2*d**2 - 352*d + 609. Determine s(0).
609
Let t(s) = -15430*s + 30831. What is t(2)?
-29
Let y(z) = 3*z**3 - 196*z**2 + 2820*z - 161. Calculate y(44).
15
Let d(j) = 108*j**3 + j**2 + j + 2. What is d(-1)?
-106
Let o(u) = 5*u**3 + 222*u**2 + 2259*u - 209. Give o(-16).
-1
Let l(m) = 4*m**2 - 148*m + 1095. Calculate l(29).
167
Let h(k) = 2*k**2 + 315*k - 9927. Determine h(29).
890
Let t(a) = -2*a**2 - 16104*a - 144727. Determine t(-9).
47
Let i(r) = 5101*r + 413258. Determine i(-81).
77
Let g(s) = -s**2 + 30*s + 3140. Calculate g(-42).
116
Let l(c) = -5*c**2 + 747*c - 982. What is l(148)?
54
Let h(l) = l**3 + 208*l**2 - 4303*l + 2276. Calculate h(-227).
6
Let k(r) = -4*r**3 + 18*r**2 + 2337*r - 15862. What is k(7)?
7
Let g(i) = -1090*i + 18915. Calculate g(17).
385
Let g(f) = 906*f**3 - 7*f**2 - 5*f + 6. What is g(1)?
900
Let i(v) = 2064*v + 25246. Calculate i(-12).
478
Let l(g) = -g**3 + 68*g**2 - 167*g + 2333. Determine l(66).
23
Let w(r) = -13*r**3 + 121*r**2 - 175*r - 12. Determine w(2).
18
Let p(d) = -2*d**3 - 8*d**2 + 19*d + 134. Determine p(-5).
89
Let q(i) = 3937*i - 129953. What is q(33)?
-32
Let u(y) = -y**3 + 17*y**2 - 556*y + 3863. Determine u(8).
-9
Let v(d) = 761524*d - 20561176. What is v(27)?
-28
Let c(w) = 1963*w - 24929. Calculate c(12).
-1373
Let p(g) = g**2 + 85*g + 761. Determine p(-75).
11
Let n(m) = -35*m**3 - 1230*m**2 - 139*m + 1267. Calculate n(-35).
7
Let w(s) = 2*s**3 + 83*s**2 - 43*s - 849. Determine w(-42).
-807
Let c(h) = -5*h**3 - 555*h**2 + h 